 32. Let y = 40 - 40. Let n be s(y). Let c = 7 - n. What are the prime factors of c?
3, 13
Suppose 3*h = -2*z + 11197, -4*h - 34118 = -13*z + 38733. What are the prime factors of z?
13, 431
Let c(j) = -189*j - 930. List the prime factors of c(-30).
2, 3, 5, 79
Let r(d) be the second derivative of 33*d**3/2 + 109*d**2/2 + 2*d - 37. List the prime factors of r(3).
2, 7, 29
Let b(o) = -o**3 + 13*o**2 + 6*o + 9. Let a be b(6). Suppose 0 = -u + 3*i - 0*i + a, -3*i = -4*u + 1215. Let g = -181 + u. List the prime factors of g.
5
Let q be (-140)/6 - 16/24. Let z = 51 - q. Suppose -3*y = o + 4*o - z, -y = o - 13. What are the prime factors of o?
2, 3
Let g be (-3)/(-2)*308/42. Suppose 6*b = g*b - 25. List the prime factors of 42/(-70) - (-48)/b.
3
Let r(s) = -106*s - 52. Suppose -2*i + 271 = 279. What are the prime factors of r(i)?
2, 3, 31
Let g = 5303 + 41159. What are the prime factors of g?
2, 13, 1787
Let q = -45980 + 93755. What are the prime factors of q?
3, 5, 7, 13
Suppose -y + 3*y = 8. Suppose 4*t = 4*a + 986 + 650, y*t = 3*a + 1640. List the prime factors of t.
7, 59
Suppose 6*a = 4*a - 5*d - 15, d = -4*a + 15. Suppose -25*y + 4510 = -20*y - a*q, 2*y - 1804 = -5*q. List the prime factors of y.
2, 11, 41
Let z = 80 - -10412. What are the prime factors of z?
2, 43, 61
Let i(c) = c**3 + 13*c**2 - 26*c - 43. Let m be i(-14). Let q = 710 - m. List the prime factors of q.
3, 5, 13
Let c(t) = -8*t**3 - 8*t**2 + 8*t + 1. Let p(i) = -65*i + 189. Let g be p(3). List the prime factors of c(g).
7, 199
Let f = 8450 - -12135. List the prime factors of f.
5, 23, 179
Suppose 0 = y - 21*y + 160760. List the prime factors of y.
2, 4019
Let v be ((-6)/(-18) - 0)*327. Let m = 267 - v. List the prime factors of m.
2, 79
Let b = 816 + 3776. List the prime factors of b.
2, 7, 41
Let r = -607 + 623. Suppose -3*l - 21*t = -r*t - 4053, 2702 = 2*l + t. List the prime factors of l.
7, 193
Let i be -5 + (-2 + 92)/6. Suppose 0 = -i*l + 3159 - 39. List the prime factors of l.
2, 3, 13
Let n be (-88)/484 - (-35534)/22. Let y = 2426 - n. List the prime factors of y.
811
Let c = 11178 - 7443. Suppose -5*y - 3739 = -3*o, -6*o + 3*y + c = -3*o. What are the prime factors of o?
11, 113
Suppose -100601 = -3*x + 2*b, 0 = -2*x + 4*b + 46832 + 20238. What are the prime factors of x?
33533
Let p = 13019 - 12343. List the prime factors of p.
2, 13
Let m = -35 + 38. Let i = -22 - m. List the prime factors of (-3320)/i + (2/5)/2.
7, 19
Let a = -190343 + 271298. List the prime factors of a.
3, 5, 7, 257
Let h = 32197 - 6600. List the prime factors of h.
11, 13, 179
Suppose 1694*f = 1715*f - 490119. List the prime factors of f.
23339
Suppose 9*l = 101 + 7. Suppose -5*p - 4*k + 5999 = 0, -k + 1199 = 13*p - l*p. List the prime factors of p.
3, 401
List the prime factors of ((-309656)/(-56) - 0) + 24/(-42).
3, 19, 97
What are the prime factors of (-9 + -2*(-51922)/(-13))*-3*1?
3, 11, 727
Suppose 5*h - 77 = -d, 5*d + 56 + 7 = 3*h. Let k(p) = 2*p + h + 0 + 8 + p**2. List the prime factors of k(-9).
3, 29
Suppose 0 = -3*k - 3*g + 36, 2*k - g - 30 + 12 = 0. Let t(o) = 10*o**2 - 5*o - 22. Let l be t(k). Suppose 0 = y + 3*y - l. List the prime factors of y.
2, 29
Let q = 74950 + -51482. What are the prime factors of q?
2, 5867
Let b(n) = 635*n + 1384. What are the prime factors of b(7)?
3, 29, 67
Let d(t) = t**3 - t**2 - 66*t - 77. What are the prime factors of d(22)?
5, 11, 157
Let p(q) = q**3 - 14*q**2 - 15*q + 5. Let d = 23 + -8. Let y be p(d). Suppose 14 = -y*a + 6*a. List the prime factors of a.
2, 7
List the prime factors of (6/1)/((-28566)/(-170910) - (-2)/(-12)).
2, 3, 5, 211
Let j = 44 - 17. Let k = j + -21. Suppose -2 = -7*u + k*u. List the prime factors of u.
2
Let r = 16127 + -8032. What are the prime factors of r?
5, 1619
Suppose -22*v + 11702 = 2*l - 18*v, 4*v = 2*l - 11694. What are the prime factors of l?
5849
What are the prime factors of (3610/(-152) - -23) + 473390/8?
47, 1259
Suppose 5*k = -l - 22 + 1362, 4*l - 3*k = 5314. What are the prime factors of l?
2, 5, 7, 19
Let w = -868 + 568. Let m = w - -608. List the prime factors of m.
2, 7, 11
Suppose -14*d + 211478 - 62903 + 46193 = 0. List the prime factors of d.
2, 37, 47
Suppose 0 = 1538*h - 1535*h - 6921. Suppose -m = 2*m - 2*b - 2317, -h = -3*m - 3*b. List the prime factors of m.
3, 257
Suppose 0 = 3*v - t + 2*t + 15, v = -2*t. Let m be -15*2/v - 3. Suppose -77 = -m*u + 5. What are the prime factors of u?
41
Let c be 605 - (5/10 + 2/(-4)). Suppose -4*z + 0*z = -2*r - 802, -c = -3*z - 2*r. What are the prime factors of z?
3, 67
Suppose 37*c - 182*c + 2983266 = 102*c. List the prime factors of c.
2, 3, 11, 61
Let g = 0 + 7. Suppose 0 = g*c - 2*c - 2010. Suppose 0 = 3*m - c + 159. What are the prime factors of m?
3
Let u(i) = 5*i**2 - 16*i + 73. Let p(r) = r**2 - r + 1. Let w(m) = -4*p(m) + u(m). Let o be w(12). Let t = 145 - o. What are the prime factors of t?
2, 19
Let s = -42 + 47. Suppose 2*u - 4*z = 3182, -1235 + 9229 = s*u + 3*z. What are the prime factors of u?
1597
Let c = -9 - 23. Let t be (-1 - -1*2)*(-44 - c). What are the prime factors of (-3)/(-18) + (-478)/t?
2, 5
Suppose 2*f = 2*i - 76, 0*i - 4*f = 4*i - 136. Suppose -40*p = -i*p - 36. Let y(o) = 13*o - 13. List the prime factors of y(p).
2, 13
List the prime factors of 87559/4 - 18/108*18/4.
7, 53, 59
Suppose -3*f + 0*f = -9. Let r(k) = -k**3 + 5*k**2 - k - 5. Let j be r(f). Suppose -7*z - 258 = -j*z. List the prime factors of z.
2, 43
Let r be (-20)/(-9) + 10/(-45). Suppose -5*f + 303 = -d, 0*f = r*f - 3*d - 129. Suppose 0 = i + 4*l - f, -17 - 47 = -i - 5*l. List the prime factors of i.
2, 11
Let b = 11 - 18. Let u be b/(-2) - (-8)/16. Suppose 2*p - u*o = o + 275, 0 = 2*o + 10. List the prime factors of p.
5
Let w(m) = 2711*m + 34. List the prime factors of w(3).
8167
Suppose -y + 3*u - 28 = 0, 4*u = 3*y + 89 + 15. List the prime factors of (-664)/(-6)*(y/(-16) - 1).
2, 83
Let g = 33891 - 9626. List the prime factors of g.
5, 23, 211
Let d = 49 + -30. Suppose -15*j + d*j - 6344 = 0. Suppose 5*i = j - 376. List the prime factors of i.
2, 11
Let a be 343 + (2 + 1 - 1). Suppose 19*w - a - 567 = 0. Suppose -540 = -w*k + 45*k. What are the prime factors of k?
2, 3, 5
Let b be (-1)/2 + (-34)/(-4). Suppose 5*n - 2 = b. Let z(y) = 8*y - 7. What are the prime factors of z(n)?
3
Let o(p) = 70*p**2 - 10*p + 12. Let r be o(4). Let l = -554 + r. Let n = l + -239. List the prime factors of n.
13, 23
List the prime factors of (-178924)/(-11) + (-404)/(-2222).
2, 3, 2711
Suppose 6*j - 283 = 605. Suppose -12*u + j + 476 = 0. List the prime factors of u.
2, 13
Let t be (3 - 3) + -2 + (467 - -5). Let s be (0 + 0 + t)/((-3)/3). What are the prime factors of (-1)/(-1)*s/(-10)?
47
Let j = 18803 + -9052. Suppose -199*i + 192*i + j = 0. What are the prime factors of i?
7, 199
Suppose 57 = 3*w - 939. Let o = -119 + w. Suppose o = 4*y - 263. What are the prime factors of y?
7, 17
List the prime factors of (-3 - -9346) + (-312)/(-52).
9349
Suppose 0 = 4*h - 13 - 7. Let c(x) = 12*x**2 - 13*x + 5. Let l be c(h). Suppose 0 = j + 2*j - l. What are the prime factors of j?
2, 5
Suppose -7*p = 4*k - 2*p - 581, -2*k = 2*p - 288. Let q = 215 - k. What are the prime factors of q?
2, 19
What are the prime factors of 252/588 - (-18656)/14?
31, 43
Suppose -f = -3*a + 8*a - 72, 3*f - 62 = -4*a. Suppose a*v = 11*v + 99. What are the prime factors of v?
3, 11
Let u be 4/(-24) - 64698/(-36). Suppose 3*k - u = -354. What are the prime factors of k?
13, 37
Let q(m) = -6*m - 25. Let y be q(-4). List the prime factors of (17*y)/(749/126 - 6).
2, 3, 17
Let w(o) = 5*o**3 - 3*o**2 - o + 2. Let b be w(1). Suppose 220 = 2*p - 2*n, 3*n - 120 = -b*p + 198. Suppose -2*x + 232 = -p. What are the prime factors of x?
2, 5, 17
List the prime factors of 1856 + 13 + 9/18*-2.
2, 467
Let x(r) = -8*r - 2 - 13 + 6*r. Let z be x(-8). What are the prime factors of 73/(z*-4*3/(-12))?
73
Suppose -8 - 43 = -p. What are the prime factors of (-5 - (-261)/p) + (-4688)/(-34)?
2, 3, 23
Let p(t) = t**3 + 69*t**2 - 15*t + 38. What are the prime factors of p(-68)?
2, 3, 947
Let y be 3*(-3 + 0) + 51. Suppose -837 = -4*l + 147. Suppose -l = -2*j - y. List the prime factors of j.
2, 3, 17
Let g be 2/6 + (-76)/3. Let d = 29 + g. Let m(